alculate the highest common divisor of 8451 and 27.
27
What is the highest common factor of 224 and 28?
28
What is the greatest common divisor of 24 and 1936?
8
Calculate the greatest common factor of 134 and 1072.
134
Calculate the highest common divisor of 35 and 9205.
35
What is the highest common factor of 2191 and 7199?
313
Calculate the highest common divisor of 2059 and 142.
71
Calculate the greatest common divisor of 168 and 60.
12
What is the greatest common divisor of 20 and 260?
20
Calculate the greatest common factor of 50784 and 192.
96
What is the highest common factor of 2992 and 51?
17
Calculate the highest common divisor of 40 and 440.
40
What is the highest common divisor of 46095 and 105?
105
Calculate the highest common divisor of 533 and 169.
13
Calculate the greatest common divisor of 220 and 165.
55
What is the highest common factor of 13 and 975?
13
What is the greatest common divisor of 999 and 1961?
37
What is the greatest common divisor of 134 and 335?
67
What is the highest common divisor of 369 and 18?
9
What is the highest common divisor of 27 and 189?
27
What is the highest common divisor of 1837 and 334?
167
Calculate the highest common divisor of 90 and 45.
45
Calculate the greatest common divisor of 2 and 22.
2
Calculate the highest common divisor of 1862 and 98.
98
What is the highest common factor of 72 and 27?
9
Calculate the highest common factor of 8 and 1312.
8
What is the greatest common factor of 194 and 3589?
97
What is the greatest common divisor of 468 and 36?
36
Calculate the greatest common factor of 57 and 1083.
57
What is the highest common factor of 555 and 888?
111
Calculate the greatest common factor of 160 and 340.
20
What is the highest common factor of 71 and 8307?
71
What is the highest common divisor of 171 and 5111?
19
What is the highest common factor of 19 and 19?
19
What is the greatest common divisor of 8 and 2264?
8
What is the highest common divisor of 2331 and 5957?
259
Calculate the highest common factor of 17 and 748.
17
What is the highest common factor of 5 and 1215?
5
Calculate the greatest common divisor of 851 and 555.
37
What is the greatest common divisor of 51 and 3859?
17
What is the highest common factor of 160 and 200?
40
What is the highest common divisor of 1024 and 64?
64
Calculate the highest common divisor of 3 and 1.
1
Calculate the greatest common factor of 1359 and 27.
9
What is the highest common factor of 280 and 20?
20
What is the greatest common factor of 1176 and 32?
8
Calculate the greatest common divisor of 96 and 60.
12
Calculate the highest common factor of 3875 and 124.
31
Calculate the greatest common divisor of 18 and 135.
9
What is the greatest common factor of 534 and 6?
6
Calculate the greatest common divisor of 5511 and 396.
33
What is the greatest common factor of 114 and 138?
6
What is the greatest common factor of 32 and 56?
8
What is the highest common divisor of 1254 and 19?
19
What is the greatest common divisor of 153 and 85?
17
What is the greatest common factor of 85 and 1513?
17
What is the highest common divisor of 39 and 1339?
13
What is the highest common divisor of 1323 and 98?
49
Calculate the highest common divisor of 359 and 1.
1
What is the greatest common divisor of 45 and 585?
45
What is the greatest common factor of 253 and 989?
23
What is the highest common divisor of 24901 and 37?
37
Calculate the highest common divisor of 105 and 195.
15
Calculate the highest common factor of 192 and 56.
8
Calculate the greatest common factor of 222 and 39.
3
Calculate the greatest common factor of 21264 and 48.
48
What is the greatest common divisor of 253 and 22?
11
What is the highest common factor of 112 and 40?
8
What is the highest common factor of 323 and 57?
19
What is the highest common factor of 6580 and 235?
235
Calculate the greatest common factor of 33 and 594.
33
What is the greatest common factor of 874 and 38?
38
Calculate the greatest common divisor of 533 and 41.
41
What is the highest common divisor of 36 and 342?
18
Calculate the highest common factor of 27 and 1251.
9
Calculate the greatest common factor of 72 and 684.
36
Calculate the highest common divisor of 45 and 555.
15
What is the greatest common factor of 627 and 33?
33
Calculate the highest common divisor of 44 and 352.
44
What is the highest common factor of 2575 and 50?
25
What is the greatest common divisor of 253 and 184?
23
What is the greatest common factor of 195 and 60?
15
What is the highest common divisor of 986 and 377?
29
What is the highest common factor of 160 and 544?
32
What is the greatest common factor of 763 and 7?
7
What is the highest common divisor of 227 and 2?
1
Calculate the greatest common divisor of 547 and 1.
1
What is the greatest common divisor of 16102 and 166?
166
Calculate the greatest common factor of 19 and 1501.
19
Calculate the greatest common factor of 608 and 64.
32
What is the highest common factor of 7038 and 276?
138
What is the greatest common factor of 1507 and 548?
137
What is the highest common divisor of 1080 and 38520?
360
What is the greatest common factor of 1917 and 710?
71
Calculate the highest common factor of 189 and 54.
27
Calculate the highest common factor of 2161 and 1.
1
What is the greatest common factor of 53275 and 25?
25
Calculate the greatest common factor of 935 and 306.
17
What is the greatest common factor of 36 and 24?
12
Calculate the highest common divisor of 32266 and 584.
146
Calculate the highest common factor of 168 and 72.
24
What is the greatest common divisor of 845 and 130?
65
Calculate the highest common divisor of 21 and 7.
7
What is the highest common factor of 10422 and 54?
54
Calculate the greatest common divisor of 235 and 19787.
47
Calculate the highest common factor of 7525 and 175.
175
What is the greatest common divisor of 506 and 825?
11
Calculate the greatest common factor of 38551 and 19.
19
Calculate the greatest common factor of 42 and 280.
14
Calculate the greatest common divisor of 1388 and 68.
4
Calculate the highest common factor of 507 and 65.
13
What is the highest common divisor of 117 and 624?
39
Calculate the highest common factor of 28 and 497.
7
What is the greatest common divisor of 190 and 9766?
38
Calculate the greatest common divisor of 475 and 133.
19
What is the greatest common divisor of 104 and 25324?
52
What is the greatest common divisor of 1000 and 90?
10
Calculate the greatest common divisor of 14 and 5432.
14
What is the highest common factor of 81 and 1539?
81
What is the greatest common divisor of 65 and 40?
5
What is the highest common divisor of 448 and 16?
16
Calculate the highest common factor of 27 and 45.
9
Calculate the greatest common divisor of 1978 and 344.
86
What is the greatest common factor of 2046 and 88?
22
What is the highest common factor of 39 and 52?
13
Calculate the greatest common factor of 312 and 36.
12
Calculate the highest common divisor of 46 and 253.
23
What is the highest common divisor of 504 and 792?
72
Calculate the greatest common divisor of 630 and 252.
126
Calculate the highest common factor of 38 and 23978.
38
Calculate the greatest common factor of 80 and 128.
16
What is the greatest common divisor of 625 and 125?
125
What is the greatest common factor of 868 and 124?
124
What is the highest common divisor of 4303 and 13?
13
What is the greatest common factor of 84 and 36?
12
What is the highest common divisor of 1210 and 20?
10
What is the highest common factor of 4 and 244?
4
What is the greatest common factor of 18 and 3786?
6
What is the highest common factor of 18 and 5958?
18
Calculate the greatest common divisor of 13386 and 138.
138
Calculate the greatest common divisor of 264 and 33.
33
What is the greatest common factor of 445 and 267?
89
Calculate the greatest common divisor of 15070 and 10.
10
Calculate the greatest common divisor of 67 and 12931.
67
Calculate the greatest common factor of 39 and 325.
13
Calculate the highest common divisor of 1 and 1805.
1
Calculate the highest common divisor of 19 and 323.
19
Calculate the highest common factor of 30 and 3225.
15
Calculate the highest common divisor of 12 and 414.
6
Calculate the greatest common divisor of 26 and 143.
13
Calculate the 